{"id":15,"date":"2023-02-15T13:47:01","date_gmt":"2023-02-15T12:47:01","guid":{"rendered":"http:\/\/localhost:8000\/?page_id=11"},"modified":"2023-05-04T08:18:00","modified_gmt":"2023-05-04T08:18:00","slug":"om-rekab","status":"publish","type":"page","link":"https:\/\/www.rekab.com\/index.php\/om-rekab\/","title":{"rendered":"Om Rekab"},"content":{"rendered":"\n<p>REKAB J\u00f6nk\u00f6ping AB startade 1988 och har sedan dess haft fokus p\u00e5 bokf\u00f6ring \u00e5t franchisef\u00f6retag och framf\u00f6rallt McDonald\u2019s restauranger i Sverige.<\/p>\n\n\n\n<p>Sedan 2013 hj\u00e4lper vi \u00e4ven Subway med att f\u00f6renkla sin bokf\u00f6ring.<\/p>\n\n\n\n<p><\/p>\n\n\n\n<p>2003 tog Lena Eriksson och Malena Edstr\u00f6m \u00f6ver verksamheten.<\/p>\n\n\n\n<p><\/p>\n\n\n\n<p>Idag har REKAB 5 anst\u00e4llda, som tillsammans rationaliserar kundernas ekonomiadministration. Den gemensamma str\u00e4van \u00e4r att alltid hitta den b\u00e4sta kombinationen av tj\u00e4nster f\u00f6r dig och ditt f\u00f6retag.<\/p>\n\n\n\n<p><\/p>\n\n\n\n<p class=\"has-large-font-size\"><em>\u201dV\u00e5r uppgift \u00e4r att f\u00f6renkla f\u00f6r dig\u201d<\/em><\/p>\n","protected":false},"excerpt":{"rendered":"<p>REKAB J\u00f6nk\u00f6ping AB startade 1988 och har sedan dess haft fokus p\u00e5 bokf\u00f6ring \u00e5t franchisef\u00f6retag och framf\u00f6rallt McDonald\u2019s restauranger i Sverige. Sedan 2013 hj\u00e4lper vi \u00e4ven Subway med att f\u00f6renkla sin bokf\u00f6ring. 2003 tog Lena Eriksson och Malena Edstr\u00f6m \u00f6ver verksamheten. Idag har REKAB 5 anst\u00e4llda, som tillsammans rationaliserar kundernas ekonomiadministration. Den gemensamma str\u00e4van \u00e4r [&hellip;]<\/p>\n","protected":false},"author":1,"featured_media":119,"parent":0,"menu_order":0,"comment_status":"closed","ping_status":"closed","template":"","meta":{"hide_page_title":""},"_links":{"self":[{"href":"https:\/\/www.rekab.com\/index.php\/wp-json\/wp\/v2\/pages\/15"}],"collection":[{"href":"https:\/\/www.rekab.com\/index.php\/wp-json\/wp\/v2\/pages"}],"about":[{"href":"https:\/\/www.rekab.com\/index.php\/wp-json\/wp\/v2\/types\/page"}],"author":[{"embeddable":true,"href":"https:\/\/www.rekab.com\/index.php\/wp-json\/wp\/v2\/users\/1"}],"replies":[{"embeddable":true,"href":"https:\/\/www.rekab.com\/index.php\/wp-json\/wp\/v2\/comments?post=15"}],"version-history":[{"count":1,"href":"https:\/\/www.rekab.com\/index.php\/wp-json\/wp\/v2\/pages\/15\/revisions"}],"predecessor-version":[{"id":166,"href":"https:\/\/www.rekab.com\/index.php\/wp-json\/wp\/v2\/pages\/15\/revisions\/166"}],"wp:featuredmedia":[{"embeddable":true,"href":"https:\/\/www.rekab.com\/index.php\/wp-json\/wp\/v2\/media\/119"}],"wp:attachment":[{"href":"https:\/\/www.rekab.com\/index.php\/wp-json\/wp\/v2\/media?parent=15"}],"curies":[{"name":"wp","href":"https:\/\/api.w.org\/{rel}","templated":true}]}}